se 3, what is 2011201 + 1?
2011202
In base 4, what is 3333 + -1?
3332
In base 7, what is 6 + 26?
35
In base 10, what is -3 - 1631?
-1634
In base 6, what is 3 + -3130?
-3123
In base 8, what is -1416 - -2?
-1414
In base 9, what is 27 + 32?
60
In base 6, what is -3304 + 0?
-3304
In base 16, what is 18 - -23?
3b
In base 14, what is -3 - -16?
13
In base 6, what is 1 - 140?
-135
In base 11, what is -2 - -228?
226
In base 11, what is -184 - -57?
-128
In base 13, what is 294 + 2?
296
In base 5, what is -2102 - -10?
-2042
In base 7, what is -12 + 25?
13
In base 2, what is -1000 - 1101?
-10101
In base 14, what is 37b - 10?
36b
In base 7, what is -10514 - 3?
-10520
In base 9, what is 31 + 3?
34
In base 8, what is 0 - -2?
2
In base 15, what is 1a + 2c?
47
In base 14, what is -6 + -3?
-9
In base 11, what is -1 - 140?
-141
In base 10, what is -2 - -181?
179
In base 11, what is 1a7 - 7?
1a0
In base 2, what is -1000 - -1000?
0
In base 3, what is -212 + 220?
1
In base 16, what is 12 - 10d?
-fb
In base 8, what is -17 + -31?
-50
In base 4, what is -1000 + -222?
-1222
In base 15, what is 1 - -81?
82
In base 10, what is 0 - 5018?
-5018
In base 13, what is 1c + -6?
16
In base 14, what is -857 - 2?
-859
In base 5, what is 0 - -11034?
11034
In base 5, what is 3 - -1312?
1320
In base 14, what is -3dd + -1?
-400
In base 14, what is 1d1 - 0?
1d1
In base 9, what is 37 + -12?
25
In base 4, what is -1002 - 3?
-1011
In base 8, what is 1 - -21?
22
In base 7, what is -6 - -22?
13
In base 7, what is 12300 - 1?
12266
In base 12, what is -68 - 11?
-79
In base 15, what is -e + 1c?
d
In base 8, what is 37 + -266?
-227
In base 16, what is -17 - -64?
4d
In base 2, what is -100110100 + 100?
-100110000
In base 16, what is -2 - -103?
101
In base 14, what is a6 - 36?
70
In base 12, what is 89 + -4?
85
In base 5, what is -14 + 10034?
10020
In base 7, what is -5 - 122?
-130
In base 8, what is 2023 + -1?
2022
In base 4, what is -33 - -23?
-10
In base 3, what is -112 - 1?
-120
In base 14, what is 6 - 7?
-1
In base 6, what is 54 - 331?
-233
In base 15, what is 2b4e - 0?
2b4e
In base 6, what is 254 + 4?
302
In base 16, what is -7de - 11?
-7ef
In base 3, what is 10 + -211121?
-211111
In base 2, what is 100 + 10011101?
10100001
In base 7, what is 1060 + 2?
1062
In base 2, what is -100 + 101101111?
101101011
In base 9, what is -7 - 42?
-50
In base 10, what is -40 - -22?
-18
In base 13, what is -2 + -60?
-62
In base 3, what is 210120 + 12?
210202
In base 10, what is -229 - -5?
-224
In base 13, what is -45 + -67?
-ac
In base 7, what is 254 - 2?
252
In base 7, what is -344 - 0?
-344
In base 13, what is 33 + 24?
57
In base 11, what is -15 + 51?
37
In base 14, what is a - 1dc?
-1d2
In base 10, what is 42 + 291?
333
In base 10, what is -11 + 14?
3
In base 11, what is 0 - 234a?
-234a
In base 11, what is -2 + -2439?
-2440
In base 4, what is -1012 + -3?
-1021
In base 9, what is 1620 - -2?
1622
In base 3, what is -10 + -1221?
-2001
In base 7, what is 5 - 20461?
-20453
In base 2, what is 10100 + -100?
10000
In base 11, what is 5 - -134?
139
In base 5, what is -103 + 101?
-2
In base 15, what is 14a + 29?
174
In base 7, what is -1015 + 2?
-1013
In base 11, what is -230 - 3?
-233
In base 14, what is bd - 5?
b8
In base 2, what is -101 + 100110010?
100101101
In base 15, what is 292 - 2?
290
In base 9, what is -4 - 314?
-318
In base 8, what is 4 + -2214?
-2210
In base 2, what is -1001000100 - -10?
-1001000010
In base 7, what is -4 + -1026?
-1033
In base 14, what is 11 - 1cd?
-1bc
In base 14, what is -373 + 12?
-361
In base 5, what is -1 - 1202?
-1203
In base 12, what is -207 + 3?
-204
In base 2, what is 11101 + -101?
11000
In base 15, what is -2 + -107?
-109
In base 16, what is 6cf - -1?
6d0
In base 9, what is 1 - 55?
-54
In base 12, what is -5 + -5a?
-63
In base 12, what is 1743 - -4?
1747
In base 16, what is 1d + -1b?
2
In base 6, what is -3 + -41?
-44
In base 10, what is 47 + -89?
-42
In base 16, what is f + 2c?
3b
In base 2, what is 10000010 - -1001?
10001011
In base 13, what is 16b + 4?
172
In base 11, what is 11 + 151?
162
In base 4, what is 3 + -100?
-31
In base 5, what is -422 - -2032?
1110
In base 6, what is -2 - 4225?
-4231
In base 4, what is 100 + -11321?
-11221
In base 8, what is 1135 - -2?
1137
In base 3, what is -11 + 1220211?
1220200
In base 5, what is -3 + 10424?
10421
In base 14, what is 51 + -5?
4a
In base 12, what is -3 - 8?
-b
In base 13, what is -16 - -24c?
236
In base 10, what is -243 + -1?
-244
In base 15, what is -3 + -6e?
-72
In base 11, what is 14 + -a61?
-a48
In base 13, what is -125 + 2?
-123
In base 16, what is -20 + -1?
-21
In base 11, what is -262 - 0?
-262
In base 10, what is -7 - -108?
101
In base 11, what is -11a4 + -4?
-11a8
In base 6, what is 2 - 1451?
-1445
In base 6, what is -532 + 4?
-524
In base 15, what is 6c + -4?
68
In base 5, what is 2 - 10?
-3
In base 8, what is 5 + 663?
670
In base 2, what is 100 - -10000110?
10001010
In base 2, what is 100111 + -101?
100010
In base 9, what is 3 + 1631?
1634
In base 4, what is -21 - 22?
-103
In base 16, what is 5 + -10f1?
-10ec
In base 15, what is 9 - 4?
5
In base 8, what is 16 - -20?
36
In base 5, what is -12 + 2?
-10
In base 3, what is -1000 + 201?
-22
In base 7, what is -5 - 156?
-164
In base 8, what is 124 - -2?
126
In base 6, what is -3 + -120?
-123
In base 9, what is 27 - 11?
16
In base 14, what is 12 - -5?
17
In base 3, what is 1001 + 11?
1012
In base 9, what is 1605 - 13?
1582
In base 15, what is -3 + -20c?
-210
In base 7, what is -11 - -624?
613
In base 6, what is -440 - -4?
-432
In base 2, what is -1110110001 + 10?
-1110101111
In base 8, what is -4744 + -2?
-4746
In base 14, what is 3 - -10?
13
In base 13, what is -133 - 30?
-163
In base 2, what is 100010101100 - -100?
100010110000
In base 4, what is -223301 + -11?
-223312
In base 9, what is 4233 - 5?
4227
In base 10, what is -1315 - 2?
-1317
In base 7, what is 1412 + 4?
1416
In base 15, what is -7e - -3?
-7b
In base 4, what is 2031213 - -3?
2031222
In base 5, what is 3013 + -112?
2401
In base 4, what is -2 + 313?
311
In base 7, what is -4 + 520?
513
In base 12, what is -1494 + 2?
-1492
In base 8, what is 163 + 13?
176
In base 10, what is 30 + 205?
235
In base 8, what is -1 - -24?
23
In base 14, what is -242 + -2?
-244
In base 7, what is 4 + -64?
-60
In base 13, what is 10 - -64b?
65b
In base 12, what is 5 + -52?
-49
In base 3, what is 2101 - 12?
2012
In base 15, what is e3 - -1?
e4
In base 4, what is -12 - 2110?
-2122
In base 14, what is -3d6 + 4?
-3d2
In base 14, what is -84 - -4?
-80
In base 9, what is -3 - -636?
633
In base 10, what is -7820 + 1?
-7819
In base 5, what is -11 + 142303?
142242
In base 8, what is 4134 - -5?
4141
In base 12, what is 4b5 + -2?
4b3
In base 5, what is 120 + -2?
113
In base 6, what is -10 - -40?
30
In base 14, what is 21d - 6?
217
In base 9, what is -35 + -22?
-57
In base 8, what is -402 - 5?
-407
In base 15, what is -5 + 176?
171
In base 5, what is 144 + -10?
134
In base 12, what is -2 + -15?
-17
In base 10, what is -4 + 85?
81
In base 11, what is -69 + -9?
-77
In base 11, what is -30 - 7?
-37
In base 8, what is -2643 - 3?
-2646
In base 7, what is 3 + -424?
-421
In base 5, what is -231 + 1?
-230
In base 14, what is 267 - 5?
262
In base 11, what is -5 - 24?
-29
In base 8, what is -4 - -2?
-2
In base 9, what is 61 - 1?
60
In base 15, what is -10c + 43?
-b9
In base 10, what is -1 + 102?
101
In base 11, what is -18 - -397?
37a
In base 16, what is c + 16?
22
In base 11, what is -374 - -5?
-36a
In base 3, what is 20 - -100?
120
In base 7, what is 42 + 4?
46
In base 10, what is -6457 + 4?
-6453
In base 8, what is -1 - 157?
-160
In base 8, what is -3 - -4?
1
In base 16, what is 1 + -99?
-98
In base 9, what is -673 - 3?
-676
In base 8, what is 252 - 31?
221
In base 10, what is 16 + 182?
198
In base 12, what is 38 + -382?
-346
In base 9, what is 1 - -158?
160
In base 6, what is 3 - -40?
43
In base 13, what is -48 + 6?
-42
In base 2, what is -100101110011010 - -101?
-100101110010101
In base 14, what is 264 + 5?
269
In base 3, what is 111121101 + -2?
111121022
In base 6, what is 0 + -332?
-332
In base 9, what is 136 - 4?
132
In base 12, what is 0 + -47?
-47
In base 6, what is -3 - 1013?
-1020
In base 9, what is -266 - -13?
-253
In base 16, what is 67